
What is the highest common factor of 18 and 132663321?
9
Calculate the highest common factor of 2415538 and 2.
2
What is the highest common divisor of 7919399 and 2453?
223
What is the highest common factor of 24013557 and 27?
27
What is the highest common divisor of 3532538719 and 9461?
9461
What is the highest common divisor of 3 and 7925783?
1
Calculate the greatest common factor of 5567340 and 12.
12
What is the highest common divisor of 405317693 and 121?
121
Calculate the highest common divisor of 247268 and 50.
2
What is the greatest common divisor of 19194321 and 477?
159
Calculate the greatest common divisor of 113469120 and 3840.
960
What is the highest common divisor of 1724015 and 1110?
185
What is the highest common divisor of 77 and 1301531?
77
What is the highest common factor of 83720 and 5359?
23
What is the highest common divisor of 779 and 3989423?
41
Calculate the greatest common divisor of 1920 and 7624256.
64
What is the greatest common factor of 1192 and 32058542?
298
What is the highest common factor of 955240 and 35750?
1430
Calculate the greatest common divisor of 20606768 and 2548.
364
Calculate the greatest common factor of 3316028 and 184064.
2876
Calculate the greatest common factor of 310133 and 9991.
103
Calculate the greatest common divisor of 14141 and 5670383.
79
Calculate the highest common divisor of 192488 and 832.
8
What is the greatest common divisor of 56 and 46269874?
14
What is the greatest common factor of 4 and 660665872?
4
What is the highest common factor of 3115787 and 69?
23
What is the greatest common factor of 5772 and 527826?
78
What is the highest common divisor of 546 and 339054?
6
Calculate the greatest common divisor of 25644 and 5142.
6
What is the highest common factor of 86 and 68957509?
43
What is the highest common divisor of 2083 and 10531?
1
What is the highest common factor of 3170449 and 538832?
4811
What is the highest common factor of 35407945 and 35?
5
Calculate the highest common factor of 139827481 and 3701.
3701
Calculate the greatest common factor of 455446 and 230.
46
What is the highest common divisor of 503622 and 17208798?
3426
Calculate the highest common factor of 856 and 82224792.
856
Calculate the greatest common factor of 210131280 and 48.
48
Calculate the greatest common factor of 236487 and 11577.
51
Calculate the greatest common divisor of 111 and 27699569.
37
What is the greatest common factor of 102608 and 31034256?
9328
Calculate the greatest common factor of 70442407 and 358.
179
Calculate the greatest common divisor of 663 and 206104158.
663
What is the highest common factor of 9405 and 5678245?
95
Calculate the highest common divisor of 257654 and 79489.
2741
What is the highest common factor of 1380 and 1320200?
460
Calculate the greatest common divisor of 3606 and 929177853.
1803
Calculate the highest common divisor of 2090417 and 56.
7
What is the highest common divisor of 3848924 and 6667?
59
What is the greatest common factor of 218598905 and 35?
35
What is the greatest common divisor of 81921025 and 35?
5
Calculate the greatest common factor of 60974320 and 106480.
9680
Calculate the greatest common factor of 5915866 and 109.
109
Calculate the greatest common factor of 300 and 73341400.
100
Calculate the greatest common divisor of 3228465 and 16665.
1515
What is the highest common divisor of 184 and 322294078?
46
What is the highest common factor of 270 and 46334565?
135
Calculate the highest common factor of 381 and 453027.
3
Calculate the highest common factor of 78383446 and 9290.
1858
What is the greatest common factor of 38609100 and 80?
20
What is the greatest common divisor of 755 and 600067960?
755
Calculate the highest common factor of 1380284 and 4672.
292
Calculate the greatest common factor of 41935 and 109785.
5
What is the greatest common factor of 7574357 and 3499069?
8351
What is the highest common divisor of 1287 and 41899?
143
Calculate the highest common factor of 11613088 and 3776.
1888
Calculate the greatest common divisor of 14852 and 384809.
79
What is the highest common divisor of 1159800 and 48?
24
What is the highest common factor of 1590 and 234659090?
530
Calculate the greatest common factor of 41200 and 45800.
200
Calculate the highest common factor of 24748 and 353188.
92
Calculate the greatest common divisor of 1046 and 234074926.
1046
Calculate the highest common factor of 168071714 and 122.
122
Calculate the greatest common factor of 121317228 and 148.
148
Calculate the greatest common divisor of 326 and 264824144.
326
What is the greatest common divisor of 140956 and 3486172?
524
What is the greatest common divisor of 896090 and 344162?
1586
What is the highest common divisor of 13825 and 116236729?
553
What is the highest common factor of 3352 and 2452826?
838
Calculate the highest common divisor of 232447 and 51761.
191
What is the greatest common divisor of 2668 and 10250594?
46
Calculate the greatest common factor of 106372671 and 40203.
4467
What is the highest common divisor of 151 and 33909768?
151
What is the greatest common divisor of 431579 and 904831?
479
What is the highest common divisor of 539676 and 15732?
684
Calculate the highest common factor of 7052 and 116272.
172
Calculate the highest common factor of 24125130 and 3348.
558
Calculate the greatest common divisor of 96447388 and 29.
29
Calculate the greatest common factor of 1080 and 2174904.
216
What is the greatest common factor of 21957053 and 2?
1
Calculate the greatest common divisor of 24960316 and 20.
4
Calculate the greatest common divisor of 1361756276 and 2692.
2692
Calculate the greatest common divisor of 1708 and 17012107.
427
What is the greatest common divisor of 1213261 and 9329?
491
Calculate the highest common factor of 9680 and 576280.
40
Calculate the greatest common divisor of 2065 and 1828330.
35
Calculate the greatest common divisor of 705456 and 2619332.
6532
Calculate the greatest common factor of 22 and 3082751782.
22
What is the greatest common factor of 3537 and 7419054?
393
Calculate the highest common factor of 3788579 and 2.
1
What is the greatest common factor of 25789 and 2288149?
17
What is the greatest common factor of 18 and 287933688?
18
Calculate the highest common factor of 1421135 and 585.
5
Calculate the highest common factor of 2196 and 20988144.
36
What is the greatest common divisor of 73 and 50685871?
73
What is the greatest common factor of 1099530 and 29925?
855
What is the greatest common factor of 174154 and 38?
38
What is the highest common factor of 34977097 and 1418?
709
Calculate the greatest common factor of 1921063012 and 22.
22
Calculate the greatest common divisor of 32557932 and 36.
36
What is the highest common factor of 51589322 and 4403?
629
Calculate the highest common factor of 14290 and 10690.
10
What is the highest common divisor of 128 and 10?
2
What is the greatest common divisor of 692 and 14684932?
692
Calculate the highest common factor of 204034012 and 23.
23
Calculate the greatest common factor of 44470096 and 34.
34
What is the greatest common divisor of 45461 and 554678?
269
Calculate the highest common divisor of 993796 and 59236.
236
What is the greatest common divisor of 556 and 5008587?
139
What is the highest common factor of 4377 and 502838514?
4377
What is the highest common factor of 202202 and 1347346?
2002
What is the highest common factor of 92230191 and 14708?
3677
What is the greatest common divisor of 1053 and 558857?
13
Calculate the highest common factor of 4854885 and 3255.
105
What is the greatest common factor of 216621 and 212892?
339
What is the highest common factor of 366846 and 2049?
3
What is the greatest common factor of 82816383 and 18525?
741
Calculate the greatest common factor of 128 and 33553888.
32
What is the greatest common factor of 32068 and 52?
4
Calculate the highest common divisor of 69680926 and 952.
238
Calculate the greatest common factor of 7490 and 135730.
70
Calculate the greatest common factor of 1108 and 17113337.
277
Calculate the greatest common factor of 531 and 2720331.
9
What is the highest common divisor of 459 and 148169943?
153
Calculate the highest common factor of 53 and 1284975089.
53
What is the highest common d